en 199752 is divided by 72.
24
What is the remainder when 1403997 is divided by 78?
75
Calculate the remainder when 16262 is divided by 88.
70
What is the remainder when 1754 is divided by 224?
186
What is the remainder when 10264 is divided by 3417?
13
Calculate the remainder when 19248 is divided by 2743.
47
What is the remainder when 16367 is divided by 8175?
17
Calculate the remainder when 1377485 is divided by 784.
781
Calculate the remainder when 2728 is divided by 1233.
262
What is the remainder when 1544 is divided by 23?
3
Calculate the remainder when 15342 is divided by 7638.
66
What is the remainder when 41887 is divided by 187?
186
Calculate the remainder when 25448 is divided by 1013.
123
Calculate the remainder when 14456 is divided by 4409.
1229
What is the remainder when 78449 is divided by 9?
5
What is the remainder when 455674 is divided by 2212?
2
Calculate the remainder when 6380 is divided by 1264.
60
Calculate the remainder when 12427 is divided by 12395.
32
What is the remainder when 31811 is divided by 568?
3
What is the remainder when 23993 is divided by 132?
101
Calculate the remainder when 21074 is divided by 100.
74
Calculate the remainder when 7105 is divided by 18.
13
What is the remainder when 1941 is divided by 280?
261
What is the remainder when 1518996 is divided by 74?
72
What is the remainder when 1122 is divided by 368?
18
What is the remainder when 8434 is divided by 207?
154
Calculate the remainder when 4849 is divided by 1572.
133
What is the remainder when 11516 is divided by 11490?
26
Calculate the remainder when 5167 is divided by 49.
22
What is the remainder when 80549 is divided by 30?
29
Calculate the remainder when 44072 is divided by 205.
202
Calculate the remainder when 75647 is divided by 48.
47
Calculate the remainder when 8609 is divided by 1229.
6
Calculate the remainder when 8921 is divided by 2754.
659
What is the remainder when 2488 is divided by 12?
4
Calculate the remainder when 12573 is divided by 149.
57
Calculate the remainder when 26568 is divided by 53.
15
What is the remainder when 16231 is divided by 622?
59
What is the remainder when 16988 is divided by 4235?
48
What is the remainder when 1064 is divided by 434?
196
What is the remainder when 100159 is divided by 12519?
7
Calculate the remainder when 16933 is divided by 76.
61
What is the remainder when 35236 is divided by 927?
10
Calculate the remainder when 390418 is divided by 12.
10
Calculate the remainder when 3883 is divided by 116.
55
What is the remainder when 39122 is divided by 196?
118
What is the remainder when 62178 is divided by 329?
326
Calculate the remainder when 1689 is divided by 4.
1
What is the remainder when 3141 is divided by 1565?
11
What is the remainder when 6882 is divided by 1836?
1374
What is the remainder when 6721 is divided by 1462?
873
What is the remainder when 2798 is divided by 171?
62
Calculate the remainder when 9540 is divided by 1060.
0
What is the remainder when 206447 is divided by 44?
43
What is the remainder when 2298 is divided by 2285?
13
Calculate the remainder when 41647 is divided by 20771.
105
Calculate the remainder when 4189 is divided by 120.
109
What is the remainder when 13759 is divided by 4418?
505
Calculate the remainder when 293 is divided by 10.
3
Calculate the remainder when 38701 is divided by 1075.
1
Calculate the remainder when 1545 is divided by 357.
117
Calculate the remainder when 725723 is divided by 12.
11
Calculate the remainder when 63472 is divided by 86.
4
Calculate the remainder when 635808 is divided by 1870.
8
Calculate the remainder when 29024 is divided by 127.
68
What is the remainder when 14156 is divided by 4083?
1907
What is the remainder when 78055 is divided by 63?
61
What is the remainder when 29317 is divided by 29308?
9
Calculate the remainder when 8069 is divided by 4014.
41
Calculate the remainder when 2218 is divided by 416.
138
Calculate the remainder when 657895 is divided by 36.
31
Calculate the remainder when 1976098 is divided by 105.
103
Calculate the remainder when 14381 is divided by 2396.
5
What is the remainder when 64618 is divided by 64603?
15
Calculate the remainder when 5836 is divided by 172.
160
What is the remainder when 1774 is divided by 882?
10
What is the remainder when 24771 is divided by 88?
43
What is the remainder when 857070 is divided by 23?
21
Calculate the remainder when 1390 is divided by 230.
10
Calculate the remainder when 917 is divided by 224.
21
What is the remainder when 523841 is divided by 21?
17
What is the remainder when 69933 is divided by 29?
14
What is the remainder when 51726 is divided by 61?
59
What is the remainder when 76783 is divided by 985?
938
What is the remainder when 75596 is divided by 20?
16
What is the remainder when 38036 is divided by 227?
127
Calculate the remainder when 846 is divided by 81.
36
What is the remainder when 341079 is divided by 3748?
11
What is the remainder when 1885197 is divided by 628395?
12
What is the remainder when 2802 is divided by 1151?
500
Calculate the remainder when 24674 is divided by 1890.
104
What is the remainder when 991 is divided by 219?
115
Calculate the remainder when 2336 is divided by 194.
8
Calculate the remainder when 28545 is divided by 7120.
65
Calculate the remainder when 198966 is divided by 4324.
62
Calculate the remainder when 8477 is divided by 4217.
43
What is the remainder when 7257 is divided by 605?
602
What is the remainder when 1580982 is divided by 147?
144
What is the remainder when 1515 is divided by 376?
11
Calculate the remainder when 105626 is divided by 52809.
8
What is the remainder when 445 is divided by 111?
1
Calculate the remainder when 510914 is divided by 296.
18
Calculate the remainder when 1678696 is divided by 76.
8
Calculate the remainder when 1010570 is divided by 202114.
0
What is the remainder when 11269 is divided by 2815?
9
Calculate the remainder when 51377 is divided by 7338.
11
Calculate the remainder when 62934 is divided by 123.
81
What is the remainder when 4163 is divided by 76?
59
Calculate the remainder when 6911 is divided by 94.
49
Calculate the remainder when 905 is divided by 897.
8
What is the remainder when 8481 is divided by 1093?
830
What is the remainder when 10184 is divided by 245?
139
What is the remainder when 1270 is divided by 19?
16
Calculate the remainder when 789675 is divided by 97.
95
What is the remainder when 397 is divided by 234?
163
Calculate the remainder when 5647 is divided by 5630.
17
What is the remainder when 13081 is divided by 830?
631
What is the remainder when 397428 is divided by 658?
654
What is the remainder when 6007 is divided by 2002?
1
What is the remainder when 156325 is divided by 22?
15
Calculate the remainder when 20051 is divided by 12.
11
Calculate the remainder when 38106 is divided by 60.
6
Calculate the remainder when 228166 is divided by 4656.
22
Calculate the remainder when 6820 is divided by 107.
79
What is the remainder when 1881 is divided by 365?
56
Calculate the remainder when 4477 is divided by 4466.
11
What is the remainder when 113703 is divided by 233?
232
What is the remainder when 137045 is divided by 10?
5
What is the remainder when 6287 is divided by 840?
407
What is the remainder when 2862 is divided by 318?
0
Calculate the remainder when 807698 is divided by 453.
452
What is the remainder when 24764 is divided by 45?
14
What is the remainder when 4585 is divided by 13?
9
Calculate the remainder when 2462 is divided by 49.
12
Calculate the remainder when 2531 is divided by 28.
11
What is the remainder when 366142 is divided by 89?
85
What is the remainder when 2151 is divided by 12?
3
Calculate the remainder when 69446 is divided by 23.
9
What is the remainder when 3529 is divided by 984?
577
Calculate the remainder when 32035 is divided by 42.
31
What is the remainder when 114980 is divided by 11?
8
Calculate the remainder when 1100527 is divided by 835.
832
Calculate the remainder when 6332 is divided by 69.
53
Calculate the remainder when 21706 is divided by 136.
82
What is the remainder when 78845 is divided by 17?
16
What is the remainder when 1136 is divided by 368?
32
What is the remainder when 15481 is divided by 66?
